s(i) = -j*i + 4*i + 0*i - 40. Let o be s(22). What is q(o)?
-5
Let t(s) = -s**2 - 2*s - 1. Suppose 14*h - 16*h = 0. Let m(x) = x**2 - 2*x. Let n be m(h). Let g be -9 + 8 + n + -2. Give t(g).
-4
Let g(b) = -4*b + 7. Suppose y - 5*y = -r - 389, 0 = 2*y - r - 193. Suppose 17*w + 13 = y. Determine g(w).
-13
Let l(n) be the second derivative of 7*n**3 - 3*n**2/2 - 2522*n. What is l(1)?
39
Let s = 2 - -8. Let z(l) = -l**2 + 7*l + 33. Let p be z(9). Suppose s*k = -p - 15. Let o(d) = -2*d**3 - 5*d**2 - d + 2. Calculate o(k).
14
Suppose 0 = 30*c + 46*c + 836. Let z(u) = -u**3 - 12*u**2 - 12*u + 21. What is z(c)?
32
Let f(x) = -x**2 - 5*x - 2. Let z be f(-4). Let k(r) = -z*r - 2 + r + 3*r. Let n be (0 - 7)*-1 - (-4 + 7). Give k(n).
6
Let k(v) = 11*v**2 + 54*v - 3. Let u be k(-5). Let j(d) = 96*d**2 - 4*d**3 + 5*d**3 - 51*d**u - 3*d - 7 - 49*d**2. Determine j(5).
3
Let u = 3697 - 3683. Let s(n) = 6*n - 95. What is s(u)?
-11
Let m = 198 + -187. Let d be (-3)/((-6)/4 + (m - 11)). Let a(j) = 4*j - 3. Let v(b) = b**2 - 8*b + 6. Let y(c) = -5*a(c) - 2*v(c). Determine y(d).
-13
Let g(n) = -10*n**2 + 24*n - 41. Let d(o) = 13*o**2 - 23*o + 37. Let z(r) = -3*d(r) - 4*g(r). What is z(24)?
-19
Let z(x) = x + 5. Let a(t) = -3*t - 11. Let h(j) = 3*a(j) + 5*z(j). Suppose q + 298 = -12*y + 9*y, 3*q + 894 = -4*y. Let s = -304 - q. Give h(s).
16
Let h(z) = -z**3 - 3*z**2 + 5*z + 17. Let l(f) = 3*f**3 + 9*f**2 - 19*f - 56. Let q(s) = -10*h(s) - 3*l(s). Calculate q(-3).
-23
Let g = 1 - -1. Suppose -7*u - 10 = -9*u - 3*k, -3*u = -3*k - 30. Suppose -u = g*w - 0. Let c(r) = -4*r - 5. Give c(w).
11
Let i(f) = -9*f + 21. Let t = 24982 - 24991. Determine i(t).
102
Let u(x) be the third derivative of -x**6/120 + x**5/60 - x**4/8 + 5*x**3/3 - 3576*x**2 + 2. Give u(0).
10
Let m(v) = -2*v**2 - v**3 - 4 - 878*v - v**2 + 1 + 888*v + 18. What is m(-4)?
-9
Let j(q) = -q**2 - 9*q + 38. Let p be 13 - ((-156)/(-6) - 1). What is j(p)?
2
Let n(t) be the third derivative of -t**6/72 + t**5/30 + t**4/12 - 3*t**3/2 - 7*t**2 - 7*t. Let l(y) be the second derivative of n(y). Give l(1).
-6
Let b(m) = -5*m**2 + 4*m + 15. Let v(l) = -11*l**2 + 8*l + 31. Let x be (18/(-8))/(20/(-80)). Let a(w) = x*b(w) - 4*v(w). Give a(8).
-21
Let o be -2*2 + 8 + -2 + 30. Suppose o - 64 = -4*k. Let p(c) = 2*c - 3. Determine p(k).
13
Let q(j) = 0 - 2 - j + 1 - 4 - 1. Let o be 20/(-6) - 9/(-27). What is q(o)?
-3
Suppose 3*z = -z + 3*a + 29, -4*a = -3*z + 20. Let f be ((-42)/24)/(2/z). Let l(y) = -6618*y - 38*y**2 - 1 + 37*y**2 + 6611*y + 4 + 1. Give l(f).
4
Suppose 5*u + 5 = 0, 0 = -f - 42*u + 38*u + 334. Let m = f - 341. Let c(p) = p**3 + 2*p**2 - 6*p - 5. What is c(m)?
4
Let m(w) be the first derivative of -w**4/4 - 4*w**3/3 + 3*w**2/2 - 3*w - 2178. Determine m(-5).
7
Let z(g) = 7*g**2 + g. Let q(d) = -27*d**2 + 5*d + 25. Let k(w) = -q(w) - 4*z(w). Calculate k(-5).
-5
Let g = -201 - -204. Let x be (98/35)/(g*(-2)/(-15)). Let n(o) be the second derivative of -o**5/20 + o**4/2 + o**3 + 3*o**2 + 2*o. What is n(x)?
-1
Let q(x) = -25*x + 221. Let b = 4575 + -4566. Determine q(b).
-4
Let a(y) = y - 1. Let m(f) = 5*f - 5. Let s(n) = 6*a(n) - 2*m(n). Let b(h) = h**2 - 3455*h - 20762. Let p be b(-6). Calculate s(p).
-12
Let j = -35732 - -35730. Let h(q) = 22*q + 54. Determine h(j).
10
Let k(b) be the second derivative of -7/12*b**4 + 0 + 13/2*b**2 + 1/2*b**3 + 1/20*b**5 - 66*b. What is k(6)?
-5
Let t(r) be the second derivative of 25*r**3/6 - 11*r**2/2 + 4*r + 41. Give t(-4).
-111
Suppose 3*o + 2 = 4*s - 1, 15 = o + 4*s. Let z(u) be the third derivative of 1/60*u**5 + 1/3*u**3 + 0*u + 0 + 1/24*u**4 - 5*u**2. Calculate z(o).
14
Let q(c) be the first derivative of 7/2*c**2 + 12 + 3*c. Let b = 14 - 18. Calculate q(b).
-25
Let h be 0 + (-5)/(2/(-2)). Let l(y) be the third derivative of 1/60*y**5 - 7/24*y**4 + 0 + 0*y - 131*y**2 - 1/3*y**3. Determine l(h).
-12
Let d(a) be the third derivative of -a**6/120 + a**5/10 - a**4/24 + 5*a**3/6 + 57*a**2 + 2*a + 2. Determine d(7).
-51
Suppose -40 = i + 4*i. Let k = i - -6. Let b(n) be the second derivative of n**5/20 + n**4/4 + n**3/2 + n**2/2 - 27*n + 214. Determine b(k).
-1
Let x(b) be the third derivative of b**5/60 - 5*b**4/24 - 2*b**3/3 + b**2. Suppose 0 = 13*c - 142 - 209. Suppose 68 = c*h - 94. Determine x(h).
2
Let y(n) = 273*n**3 + 5 - 2 - 6*n**2 - 34*n**2 - 271*n**3 - 40*n + 2*n**2. Let u be y(20). Let c(q) = q**3 - 2*q**2 - 3*q + 3. Determine c(u).
3
Let x(h) = 13*h + 1. Let y(q) = 5*q + 1. Let j(i) = -3*x(i) + 8*y(i). Let f = 7 - 5. Suppose f*d - 21 = g - 2*d, 0 = -3*d + 12. Determine j(g).
0
Suppose -2 = -81*o + 80*o. Let w(l) = -11*l**2 + 30*l**2 - 1 + 0 - 18*l**o. Let a(t) = -t**2 + 5*t + 3. Let g be a(6). Determine w(g).
8
Let f(p) = -2 + 12*p - 2*p**2 + p**2 + 4 - 8*p. Let n = 78 + -56. Let g = n - 18. Give f(g).
2
Suppose 29 = -10*a - 21. Suppose 1 = t - 2. Let f(y) = -5*y**2 + 7*y + 3 + 3*y**3 - 3*y**2 - 4*y**t + 5*y**2. Calculate f(a).
18
Let d(z) = 4*z**3 + 4*z**2 + 5*z + 1. Suppose 11*u - 9 = -14*u - 84. Give d(u).
-86
Let g(v) = -v**3 + 3*v**2 + 8*v - 7. Suppose 43*i = 30*i + 65. Suppose 11*k + y - 11 = 8*k, y = -i*k + 21. What is g(k)?
-17
Let k be 2*-3*-1 - 0. Let w = -88 + 90. Let m(u) = -w*u - 2*u + 3*u + 1 - 2. Determine m(k).
-7
Let s(k) be the third derivative of k**5/60 - 7*k**4/12 + k**3/2 + 3558*k**2. Determine s(11).
-30
Let o(a) = a**3 + 13*a**2 + 4*a + 8. Suppose 5*k + 668 = -5*z + 578, 2*z - k + 21 = 0. Calculate o(z).
-44
Suppose -4*t + 13 - 1 = 0. Let d(q) = -3 - 1447*q**t + q + 4 + 1448*q**3 + 3*q**2. Determine d(-3).
-2
Let w(u) = 3*u**2 - 4*u + 1. Let j be ((-294)/196)/(1 + 7/(-4)). Suppose -64 = 5*l - 2*k - 6, -l - 17 = 5*k. Let d be (l/(-8) - 0)*j. Give w(d).
16
Let h(n) = 327*n**2 + 7 + 3 - 330*n**2 + 6*n. Determine h(6).
-62
Let x be (2/6)/(2/12). Let l(s) = -s - 10. Let v be l(-12). Let j(q) = -9*q + 7. Let k(n) = -3. Let m(u) = v*k(u) + j(u). Give m(x).
-17
Let i(h) = 3*h**2 - 23*h - 13. Let l(u) = 36*u + 359*u**2 - 185*u**2 + 3 - 179*u**2 + 17. Let k(n) = -8*i(n) - 5*l(n). Determine k(-3).
1
Let r(f) = -24*f - 380. Let g be r(-16). Let t(o) = -5*o - 20. Let v(y) = 4*y + 20. Let z(c) = g*v(c) + 3*t(c). Give z(-11).
9
Let a(c) = 27*c - 4. Let p be ((-4)/9 + 0)*1647/(-366) + -3. Give a(p).
-31
Suppose -j = -4*j - 3*n + 3903, 0 = -2*j - 4*n + 2600. Suppose 0 = 4*m - 2*m - x - 518, -5*m - x = -j. Let g be 10/45 + m/45. Let z(q) = q - 9. Give z(g).
-3
Let v(r) = -2*r**2 + r - 14. Let s = -22191 + 22196. Give v(s).
-59
Let p(z) = 183*z**3 + 4*z**2 - 356*z**3 - 3*z + 185*z**3 + 9 - 9. Calculate p(1).
13
Let w(t) = t - 6. Let m(b) = -b - 2. Let i(d) = 4*m(d) + w(d). Let k(r) = -r - 6. Let p(u) = -3*i(u) + 7*k(u). What is p(-6)?
-12
Let l be ((-37)/(-1332))/((-2)/(-6) + (-11 - -11)). Let m(k) be the second derivative of -8*k - l*k**4 + 7/6*k**3 - 3*k**2 + 0. Calculate m(4).
6
Suppose -l - 26*n + 24*n - 9 = 0, 0 = -2*n - 4. Let w(r) = -4*r + 1. Let c(z) = 22*z + 5. Let j(q) = -c(q) - 5*w(q). Calculate j(l).
0
Let k be ((-76)/19)/(-4 + 8). Let z(m) = 11*m**2 + 2*m. Calculate z(k).
9
Let b = 15 - 26. Let f(a) be the first derivative of a**3/3 + 6*a**2 + a + 3058. Calculate f(b).
-10
Suppose -5*h + 2*g + 26 = 0, -23 = -5*h - 0*h + g. Let c(v) = -v + 1. Let b(o) = 1 - 16*o**2 + 10*o**2 - 3*o + 8*o**2. Let p(m) = b(m) + 4*c(m). What is p(h)?
9
Suppose -19*n - 130 = -24*n. Let d be 4*n/20 - (-5)/(-25). Suppose 4*a - 20 = -d*x, 2*a + 4 = x - 0*a. Let c(v) = v - 3. What is c(x)?
1
Let s(w) = 3*w**2 - 3*w + 4. Let x(j) be the first derivative of 8*j**3/3 - 5*j**2 + 11*j + 83. Let f(l) = 11*s(l) - 4*x(l). Determine f(-3).
-12
Let i(p) = 4 - 3 - 6 - 2*p. Let l(o) = 9*o + 51. Let s be l(-5). Suppose 4*j - x - 18 = 0, -5*j - x - 6 = -s*j. Give i(j).
-13
Let y(t) = -t**3 + 7*t**2 + 12*t - 10. Suppose -5*c = -2*v - 47, 544*v - 539*v + 50 = 5*c. Calculate y(c).
-64
Let d be (-2 + 11)/(9/261). Let y = d + -250. Let t(h) = -h - 7. Give t(y).
-18
Suppose 8*a - 2 = 30. Suppose 0 = -a*p - 175 + 183. Suppose -3*l + 14 = 2*h, 20 = 2*h + p*h + 2*l. Let g(k) = k**3 - 5*k**2 + 7*k - 5. Give g(h).
7
Let d(m) be the second derivative of m**4/2 + 3*m**3/2 - 9*m**2/2 + 5*m + 10. Give d(1).
6
Let l(k) be the second derivative of k**2 + 1/3*k**3 - 69*k + 0. Let r(o) = -o**3 + 3*